{"id":16,"date":"2018-05-10T15:38:19","date_gmt":"2018-05-10T13:38:19","guid":{"rendered":"http:\/\/laracapelle-psychologue.fr\/?page_id=16"},"modified":"2026-03-11T23:29:49","modified_gmt":"2026-03-11T22:29:49","slug":"accueil","status":"publish","type":"page","link":"https:\/\/laracapelle-psychologue.fr\/","title":{"rendered":"Accueil"},"content":{"rendered":"<div class=\"wp-block-image\">\r\n<figure class=\"aligncenter\"><img loading=\"lazy\" decoding=\"async\" width=\"300\" height=\"256\" class=\"wp-image-314\" src=\"https:\/\/laracapelle-psychologue.fr\/wp-content\/uploads\/2020\/05\/image-psy-2-300x256.jpg\" alt=\"\" srcset=\"https:\/\/laracapelle-psychologue.fr\/wp-content\/uploads\/2020\/05\/image-psy-2-300x256.jpg 300w, https:\/\/laracapelle-psychologue.fr\/wp-content\/uploads\/2020\/05\/image-psy-2.jpg 563w\" sizes=\"auto, (max-width: 300px) 100vw, 300px\" \/><\/figure>\r\n<\/div>\r\n<p style=\"text-align: justify; text-justify: inter-ideograph;\"><span style=\"font-size: 12pt; font-family: 'trebuchet ms', geneva, sans-serif;\"><strong>Psychologue clinicienne<\/strong> dipl\u00f4m\u00e9e depuis 2004 \u00e0 l&rsquo;universit\u00e9 Ren\u00e9 Descartes &#8211; Paris V, je vous accueille sur rendez-vous, du lundi au vendredi. Je consulte \u00e9galement en t\u00e9l\u00e9consultation.<\/span><\/p>\r\n<p style=\"text-align: justify; text-justify: inter-ideograph;\"><span style=\"font-family: 'trebuchet ms', geneva, sans-serif;\"><span style=\"font-size: 12.0pt;\">Je re\u00e7ois en s\u00e9ance toute personne en situation de difficult\u00e9, de souffrance ou de questionnement, qui souhaite \u00eatre aid\u00e9e et accompagn\u00e9e.\u00a0<\/span><b><\/b><\/span><\/p>\r\n<p style=\"text-align: justify;\"><span style=\"font-size: 12pt; font-family: 'trebuchet ms', geneva, sans-serif;\">Mon r\u00f4le sera de vous offrir un espace de parole, dans une \u00e9coute neutre et bienveillante, afin de vous permettre, non seulement de rep\u00e9rer vos difficult\u00e9s (souffrance, v\u00e9cu douloureux, questionnement sur soi, stress, angoisse, probl\u00e8mes personnels et familiaux), mais aussi de vous aider \u00e0 trouver des solutions adapt\u00e9es, dans le but de vous conduire vers un mieux-\u00eatre psychique, \u00e9motionnel et relationnel.<\/span><\/p>\r\n<p style=\"text-align: justify;\" data-start=\"1283\" data-end=\"1635\"><span style=\"font-family: 'trebuchet ms', geneva, sans-serif;\">J\u2019ai \u00e9galement enrichi ma pratique en me formant \u00e0 la th\u00e9rapie EMDR (Eye Movement Desensitization and Reprocessing).<\/span><br data-start=\"1399\" data-end=\"1402\" \/><span style=\"font-family: 'trebuchet ms', geneva, sans-serif;\">Cette approche th\u00e9rapeutique utilise notamment des mouvements oculaires altern\u00e9s pour aider le cerveau \u00e0 retraiter certains souvenirs difficiles ou traumatiques qui restent \u00ab bloqu\u00e9s \u00bb et continuent d\u2019avoir un impact dans le pr\u00e9sent. <\/span><span style=\"font-family: 'trebuchet ms', geneva, sans-serif;\">La th\u00e9rapie EMDR est particuli\u00e8rement indiqu\u00e9e dans le traitement des traumatismes psychiques et du Trouble de Stress Post-Traumatique (TSPT).\u00a0<\/span><\/p>\r\n<p style=\"text-align: justify;\" data-start=\"2008\" data-end=\"2215\"><span style=\"font-family: 'trebuchet ms', geneva, sans-serif;\">En permettant au cerveau de retraiter ces exp\u00e9riences, l\u2019EMDR aide progressivement \u00e0 diminuer la charge \u00e9motionnelle associ\u00e9e aux souvenirs et \u00e0 retrouver un sentiment d\u2019apaisement et de s\u00e9curit\u00e9 int\u00e9rieure.<\/span><\/p>\r\n<hr \/>\r\n<p><span style=\"font-size: 12pt; font-family: 'trebuchet ms', geneva, sans-serif;\">Psychologue, psychanalyste, psychiatre : <a href=\"https:\/\/laracapelle-psychologue.fr\/?page_id=6\">qui consulter<\/a> ?<\/span><\/p>\r\n<p><span style=\"font-size: 12pt; font-family: 'trebuchet ms', geneva, sans-serif;\">D\u00e9prime, stress, anxi\u00e9t\u00e9,&#8230; : <a href=\"https:\/\/laracapelle-psychologue.fr\/?page_id=9\">quand consulter<\/a> ?<\/span><\/p>\r\n<p><span style=\"font-size: 12pt; font-family: 'trebuchet ms', geneva, sans-serif;\">Les th\u00e9rapies\u00a0: <a href=\"https:\/\/laracapelle-psychologue.fr\/?page_id=20\">quelles diff\u00e9rences<\/a> ?<\/span><\/p>\r\n<p><span style=\"font-family: 'trebuchet ms', geneva, sans-serif;\">La th\u00e9rapie <a href=\"https:\/\/laracapelle-psychologue.fr\/?page_id=649\">EMDR<\/a>\u00a0<\/span><\/p>\r\n<p style=\"text-align: justify; text-justify: inter-ideograph;\">\u00a0<\/p>","protected":false},"excerpt":{"rendered":"<p>Psychologue clinicienne dipl\u00f4m\u00e9e depuis 2004 \u00e0 l&rsquo;universit\u00e9 Ren\u00e9 Descartes &#8211; Paris V, je vous accueille sur rendez-vous, du lundi au vendredi. Je consulte \u00e9galement en t\u00e9l\u00e9consultation. Je re\u00e7ois en s\u00e9ance toute personne en situation de difficult\u00e9, de souffrance ou de questionnement, qui souhaite \u00eatre aid\u00e9e et accompagn\u00e9e.\u00a0 Mon r\u00f4le sera de vous offrir un espace &hellip; <\/p>\n<p class=\"link-more\"><a href=\"https:\/\/laracapelle-psychologue.fr\/\" class=\"more-link\">Continuer la lecture<span class=\"screen-reader-text\"> de &laquo;&nbsp;Accueil&nbsp;&raquo;<\/span><\/a><\/p>\n","protected":false},"author":1,"featured_media":0,"parent":0,"menu_order":0,"comment_status":"closed","ping_status":"closed","template":"","meta":{"footnotes":""},"class_list":["post-16","page","type-page","status-publish","hentry"],"_links":{"self":[{"href":"https:\/\/laracapelle-psychologue.fr\/index.php?rest_route=\/wp\/v2\/pages\/16","targetHints":{"allow":["GET"]}}],"collection":[{"href":"https:\/\/laracapelle-psychologue.fr\/index.php?rest_route=\/wp\/v2\/pages"}],"about":[{"href":"https:\/\/laracapelle-psychologue.fr\/index.php?rest_route=\/wp\/v2\/types\/page"}],"author":[{"embeddable":true,"href":"https:\/\/laracapelle-psychologue.fr\/index.php?rest_route=\/wp\/v2\/users\/1"}],"replies":[{"embeddable":true,"href":"https:\/\/laracapelle-psychologue.fr\/index.php?rest_route=%2Fwp%2Fv2%2Fcomments&post=16"}],"version-history":[{"count":60,"href":"https:\/\/laracapelle-psychologue.fr\/index.php?rest_route=\/wp\/v2\/pages\/16\/revisions"}],"predecessor-version":[{"id":889,"href":"https:\/\/laracapelle-psychologue.fr\/index.php?rest_route=\/wp\/v2\/pages\/16\/revisions\/889"}],"wp:attachment":[{"href":"https:\/\/laracapelle-psychologue.fr\/index.php?rest_route=%2Fwp%2Fv2%2Fmedia&parent=16"}],"curies":[{"name":"wp","href":"https:\/\/api.w.org\/{rel}","templated":true}]}}

<div class="wp-block-image">
<figure class="aligncenter"><img loading="lazy" decoding="async" width="300" height="256" class="wp-image-314" src="https://laracapelle-psychologue.fr/wp-content/uploads/2020/05/image-psy-2-300x256.jpg" alt="" srcset="https://laracapelle-psychologue.fr/wp-content/uploads/2020/05/image-psy-2-300x256.jpg 300w, https://laracapelle-psychologue.fr/wp-content/uploads/2020/05/image-psy-2.jpg 563w" sizes="auto, (max-width: 300px) 100vw, 300px" /></figure>
</div>
<p style="text-align: justify; text-justify: inter-ideograph;"><span style="font-size: 12pt; font-family: 'trebuchet ms', geneva, sans-serif;"><strong>Psychologue clinicienne</strong> diplômée depuis 2004 à l&rsquo;université René Descartes &#8211; Paris V, je vous accueille sur rendez-vous, du lundi au vendredi. Je consulte également en téléconsultation.</span></p>
<p style="text-align: justify; text-justify: inter-ideograph;"><span style="font-family: 'trebuchet ms', geneva, sans-serif;"><span style="font-size: 12.0pt;">Je reçois en séance toute personne en situation de difficulté, de souffrance ou de questionnement, qui souhaite être aidée et accompagnée. </span><b></b></span></p>
<p style="text-align: justify;"><span style="font-size: 12pt; font-family: 'trebuchet ms', geneva, sans-serif;">Mon rôle sera de vous offrir un espace de parole, dans une écoute neutre et bienveillante, afin de vous permettre, non seulement de repérer vos difficultés (souffrance, vécu douloureux, questionnement sur soi, stress, angoisse, problèmes personnels et familiaux), mais aussi de vous aider à trouver des solutions adaptées, dans le but de vous conduire vers un mieux-être psychique, émotionnel et relationnel.</span></p>
<p style="text-align: justify;" data-start="1283" data-end="1635"><span style="font-family: 'trebuchet ms', geneva, sans-serif;">J’ai également enrichi ma pratique en me formant à la thérapie EMDR (Eye Movement Desensitization and Reprocessing).</span><br data-start="1399" data-end="1402" /><span style="font-family: 'trebuchet ms', geneva, sans-serif;">Cette approche thérapeutique utilise notamment des mouvements oculaires alternés pour aider le cerveau à retraiter certains souvenirs difficiles ou traumatiques qui restent « bloqués » et continuent d’avoir un impact dans le présent. </span><span style="font-family: 'trebuchet ms', geneva, sans-serif;">La thérapie EMDR est particulièrement indiquée dans le traitement des traumatismes psychiques et du Trouble de Stress Post-Traumatique (TSPT). </span></p>
<p style="text-align: justify;" data-start="2008" data-end="2215"><span style="font-family: 'trebuchet ms', geneva, sans-serif;">En permettant au cerveau de retraiter ces expériences, l’EMDR aide progressivement à diminuer la charge émotionnelle associée aux souvenirs et à retrouver un sentiment d’apaisement et de sécurité intérieure.</span></p>
<hr />
<p><span style="font-size: 12pt; font-family: 'trebuchet ms', geneva, sans-serif;">Psychologue, psychanalyste, psychiatre : <a href="https://laracapelle-psychologue.fr/?page_id=6">qui consulter</a> ?</span></p>
<p><span style="font-size: 12pt; font-family: 'trebuchet ms', geneva, sans-serif;">Déprime, stress, anxiété,&#8230; : <a href="https://laracapelle-psychologue.fr/?page_id=9">quand consulter</a> ?</span></p>
<p><span style="font-size: 12pt; font-family: 'trebuchet ms', geneva, sans-serif;">Les thérapies : <a href="https://laracapelle-psychologue.fr/?page_id=20">quelles différences</a> ?</span></p>
<p><span style="font-family: 'trebuchet ms', geneva, sans-serif;">La thérapie <a href="https://laracapelle-psychologue.fr/?page_id=649">EMDR</a> </span></p>
<p style="text-align: justify; text-justify: inter-ideograph;"> </p>

<p>Psychologue clinicienne diplômée depuis 2004 à l&rsquo;université René Descartes &#8211; Paris V, je vous accueille sur rendez-vous, du lundi au vendredi. Je consulte également en téléconsultation. Je reçois en séance toute personne en situation de difficulté, de souffrance ou de questionnement, qui souhaite être aidée et accompagnée.  Mon rôle sera de vous offrir un espace &hellip; </p>
<p class="link-more"><a href="https://laracapelle-psychologue.fr/" class="more-link">Continuer la lecture<span class="screen-reader-text"> de &laquo;&nbsp;Accueil&nbsp;&raquo;</span></a></p>
