{"id":20,"date":"2018-05-10T15:42:46","date_gmt":"2018-05-10T13:42:46","guid":{"rendered":"http:\/\/laracapelle-psychologue.fr\/?page_id=20"},"modified":"2026-02-18T22:46:58","modified_gmt":"2026-02-18T21:46:58","slug":"les-therapies","status":"publish","type":"page","link":"https:\/\/laracapelle-psychologue.fr\/?page_id=20","title":{"rendered":"Les diff\u00e9rentes th\u00e9rapies"},"content":{"rendered":"<div class=\"wp-block-image\">\r\n<figure class=\"aligncenter\"><img loading=\"lazy\" decoding=\"async\" width=\"229\" height=\"220\" class=\"wp-image-451\" src=\"https:\/\/laracapelle-psychologue.fr\/wp-content\/uploads\/2020\/05\/images-psy.jpeg\" alt=\"\" \/><\/figure>\r\n<\/div>\r\n\r\n\r\n<p style=\"text-align: justify;\"><span style=\"font-family: 'trebuchet ms', geneva, sans-serif;\">On peut diff\u00e9rencier les diff\u00e9rents types de th\u00e9rapie en fonction de l&rsquo;origine de la difficult\u00e9 et de sa dur\u00e9e.<\/span><\/p>\r\n<p><span style=\"font-family: 'trebuchet ms', geneva, sans-serif;\">\r\n\r\n<\/span><\/p>\r\n<h3 class=\"wp-block-heading\" style=\"text-align: justify;\"><span style=\"color: #3366ff; font-family: 'trebuchet ms', geneva, sans-serif;\">La Th\u00e9rapie de soutien<\/span><\/h3>\r\n<p><span style=\"font-family: 'trebuchet ms', geneva, sans-serif;\">\r\n\r\n<\/span><\/p>\r\n<p style=\"text-align: justify;\"><span style=\"font-family: 'trebuchet ms', geneva, sans-serif;\">Le soutien th\u00e9rapeutique vise \u00e0 soulager des sympt\u00f4mes (tristesse passag\u00e8re, insomnie,&#8230;) et non \u00e0 s&rsquo;engager dans un travail psychoth\u00e9rapeutique \u00e0 long terme. Il est donc de courte dur\u00e9e et la fr\u00e9quence varie en fonction de la demande du patient. Le soutien s&rsquo;arr\u00eate quand le patient se sent soulag\u00e9 et qu&rsquo;il souhaite donc mettre un terme aux s\u00e9ances.<\/span><\/p>\r\n<p><span style=\"font-family: 'trebuchet ms', geneva, sans-serif;\">\r\n\r\n<\/span><\/p>\r\n<h3 class=\"wp-block-heading\" style=\"text-align: justify;\"><span style=\"color: #3366ff; font-family: 'trebuchet ms', geneva, sans-serif;\">La Psychoth\u00e9rapie<\/span><\/h3>\r\n<p><span style=\"font-family: 'trebuchet ms', geneva, sans-serif;\">\r\n\r\n<\/span><\/p>\r\n<p style=\"text-align: justify;\"><span style=\"font-family: 'trebuchet ms', geneva, sans-serif;\">La mise en place d&rsquo;une psychoth\u00e9rapie n\u00e9cessite une \u00e0 plusieurs s\u00e9ances. Celle-ci permet de s&rsquo;assurer du d\u00e9sir du patient de s&rsquo;engager dans un travail psychoth\u00e9rapeutique plus approfondi, et ainsi, de d\u00e9terminer avec lui les modalit\u00e9s exactes de la th\u00e9rapie\u00a0: temps, fr\u00e9quence.<\/span><\/p>\r\n<p><span style=\"font-family: 'trebuchet ms', geneva, sans-serif;\">\r\n\r\n<\/span><\/p>\r\n<h5 class=\"wp-block-heading\" style=\"text-align: justify;\"><span style=\"font-family: 'trebuchet ms', geneva, sans-serif;\">\u00a0 \u00a0 \u00a0 \u00a0 \u00a0 \u00a0 \u00a0 Th\u00e9rapie individuelle<\/span><\/h5>\r\n<p><span style=\"font-family: 'trebuchet ms', geneva, sans-serif;\">\r\n\r\n<\/span><\/p>\r\n<p style=\"text-align: justify;\"><span style=\"font-family: 'trebuchet ms', geneva, sans-serif;\">Ce type de th\u00e9rapie, d&rsquo;inspiration analytique, est destin\u00e9e aux adultes, aux adolescents et aux enfants ayant des difficult\u00e9s engendr\u00e9es par un \u00e9v\u00e8nement de vie douloureux ou des troubles psychologiques.<\/span><br \/><span style=\"font-family: 'trebuchet ms', geneva, sans-serif;\">Le cadre de cette th\u00e9rapie est plus rigoureux que la th\u00e9rapie de soutien. Les s\u00e9ances sont espac\u00e9es de fa\u00e7on r\u00e9guli\u00e8re.<\/span><\/p>\r\n<p><span style=\"font-family: 'trebuchet ms', geneva, sans-serif;\">\r\n\r\n<\/span><\/p>\r\n<h5 class=\"wp-block-heading\" style=\"text-align: justify;\"><span style=\"font-family: 'trebuchet ms', geneva, sans-serif;\">\u00a0 \u00a0 \u00a0 \u00a0 \u00a0 \u00a0 Th\u00e9rapie de couple<\/span><\/h5>\r\n<p><span style=\"font-family: 'trebuchet ms', geneva, sans-serif;\">\r\n\r\n<\/span><\/p>\r\n<p style=\"text-align: justify;\"><span style=\"font-family: 'trebuchet ms', geneva, sans-serif;\">La communication joue un r\u00f4le pr\u00e9pond\u00e9rant dans l&rsquo;\u00e9quilibre d&rsquo;un couple. L&rsquo;intervention d&rsquo;une tierce personne, le psychologue, peut aider \u00e0 r\u00e9tablir un dialogue. Il permet de mettre \u00e0 jour ce qui se rejoue des \u00e9l\u00e9ments de l&rsquo;histoire de vie de chacun. Cela se traduit souvent par des d\u00e9saccords sur des choses banales comme, l&rsquo;argent, les taches m\u00e9nag\u00e8res, mais ceci n&rsquo;est que la partie visible de l&rsquo;iceberg. Le th\u00e9rapeute rend alors compr\u00e9hensible la position et les r\u00f4les de chaque conjoint.<\/span><\/p>\r\n<p><span style=\"font-family: 'trebuchet ms', geneva, sans-serif;\">\r\n\r\n<\/span><\/p>\r\n<h5 class=\"wp-block-heading\" style=\"text-align: justify;\"><span style=\"font-family: 'trebuchet ms', geneva, sans-serif;\">\u00a0 \u00a0 \u00a0 \u00a0 \u00a0 \u00a0 Th\u00e9rapie familiale<\/span><\/h5>\r\n<p><span style=\"font-family: 'trebuchet ms', geneva, sans-serif;\">\r\n\r\n<\/span><\/p>\r\n<p style=\"text-align: justify;\"><span style=\"font-family: 'trebuchet ms', geneva, sans-serif;\">Echec scolaire, d\u00e9pression, phobies, comportements alimentaires anarchiques, repli sur soi, tentative de suicide, d\u00e9linquance, conduites addictives\u2026 Les difficult\u00e9s d\u2019un membre de la famille signalent une souffrance familiale.<\/span><\/p>\r\n<p><span style=\"font-family: 'trebuchet ms', geneva, sans-serif;\">\r\n\r\n<\/span><\/p>\r\n<h3 class=\"wp-block-heading\" style=\"text-align: justify;\"><span style=\"color: #3366ff; font-family: 'trebuchet ms', geneva, sans-serif;\">La Th\u00e9rapie EMDR<\/span><\/h3>\r\n<p><span style=\"font-family: 'trebuchet ms', geneva, sans-serif;\">\r\n\r\n<\/span><\/p>\r\n<p style=\"text-align: justify;\"><span style=\"font-family: 'trebuchet ms', geneva, sans-serif;\">Il s&rsquo;agit d&rsquo;une th\u00e9rapie neuro-\u00e9motionnelle. Quand un \u00e9v\u00e8nement de vie traumatique survient, la plupart du temps nous arrivons \u00e0 mobiliser les ressources pour g\u00e9rer cet \u00e9v\u00e8nement. Mais il arrive que du fait de la surcharge \u00e9motionnelle du moment, ou simplement de l&rsquo;immaturit\u00e9 (par ex traumatisme survenu dans l&rsquo;enfance), nous ne parvenions pas \u00e0 mobiliser ces ressources au moment o\u00f9 survient cet \u00e9v\u00e8nement. Cet \u00e9v\u00e8nement est alors trait\u00e9 par des circuits neuronaux dysfonctionnels. C&rsquo;est ainsi que l&rsquo;\u00e9v\u00e8nement prend une dimension traumatique. L&rsquo;id\u00e9e de l&rsquo;EMDR est que si on arrive \u00e0 retraiter le souvenir traumatique pass\u00e9, en mobilisant les ressources du pr\u00e9sent, on parvient \u00e0 surmonter le caract\u00e8re traumatisant de l&rsquo;\u00e9v\u00e8nement.<\/span><\/p>\r\n<h3><span style=\"font-family: 'trebuchet ms', geneva, sans-serif; color: #3366ff;\">Les th\u00e9rapies cognitivo-comportementales (TCC)<\/span><\/h3>\r\n<div class=\"vc_empty_space\">\u00a0<\/div>\r\n<div class=\"wpb_text_column wpb_content_element \">\r\n<div class=\"wpb_wrapper\">\r\n<p style=\"text-align: justify;\"><span style=\"font-family: 'trebuchet ms', geneva, sans-serif;\">Elles suivent une d\u00e9marche de r\u00e9solution de probl\u00e8me. Pour cela, la personne voyant un th\u00e9rapeute cognitivo-comportementaliste apprendra \u00e0 analyser son probl\u00e8me, ici et maintenant, tout en prenant en compte ses causes historiques. Suite \u00e0 cette phase d\u2019analyse, le but et les moyens psychoth\u00e9rapeutiques sont d\u00e9finis en collaboration avec le patient. <\/span><span style=\"font-family: 'trebuchet ms', geneva, sans-serif;\">Le patient effectue des exercices en consultation avec le psychoth\u00e9rapeute et par lui-m\u00eame entre les s\u00e9ances. Les problematiques psychologiques\u00a0\u00e9tant souvent multi-factoriels, les TCC prescrivent des exercices de diff\u00e9rentes natures, des\u00a0<strong class=\"couleur\">exercices comportementaux<\/strong>\u00a0qui visent un apprentissage de nouveaux comportements comme par exemple l\u2019affirmation de soi ; des\u00a0<strong class=\"couleur\">exercices cognitifs<\/strong> qui ciblent\u00a0\u00a0les pens\u00e9es inadapt\u00e9es et dysfonctionnelles en apprenant \u00e0 les modifier, \u00e0 construire et \u00e0 stabiliser de nouvelles fa\u00e7ons de penser plus rationnelles ; des <strong class=\"couleur\">exercices sur la gestion des\u00a0<\/strong><strong class=\"couleur\">\u00e9<\/strong><strong class=\"couleur\">motions<\/strong> qui d\u00e9veloppent l\u2019acceptation et la conscience de soi pour apprendre \u00e0 mieux r\u00e9guler ses \u00e9motions ; enfin, des\u00a0<strong class=\"couleur\">exercices corporels<\/strong>, qui visent \u00e0 l\u2019apprentissage de la d\u00e9tente physique et psychologique (relaxation, pleine conscience\u2026).\u00a0<\/span><span style=\"font-family: 'trebuchet ms', geneva, sans-serif;\"><strong>Les<\/strong> <strong>exercices <\/strong>sont<strong>\u00a0<\/strong>sp\u00e9cifiques pour chaque trouble, structur\u00e9s et \u00e9valu\u00e9s cliniquement. \u00c0\u00a0l\u2019issue de la pratique et de l\u2019entra\u00eenement des exercices psychoth\u00e9rapeutiques des TCC, les r\u00e9sultats et les progr\u00e8s du patient sont\u00a0\u00e9valu\u00e9s afin de d\u00e9cider de la suite ou de la fin de la psychoth\u00e9rapie.<\/span><\/p>\r\n<h3><span style=\"font-family: 'trebuchet ms', geneva, sans-serif; color: #3366ff;\">La liste n&rsquo;est pas exhaustive&#8230;<\/span><\/h3>\r\n<\/div>\r\n<\/div>\r\n","protected":false},"excerpt":{"rendered":"<p>On peut diff\u00e9rencier les diff\u00e9rents types de th\u00e9rapie en fonction de l&rsquo;origine de la difficult\u00e9 et de sa dur\u00e9e. La Th\u00e9rapie de soutien Le soutien th\u00e9rapeutique vise \u00e0 soulager des sympt\u00f4mes (tristesse passag\u00e8re, insomnie,&#8230;) et non \u00e0 s&rsquo;engager dans un travail psychoth\u00e9rapeutique \u00e0 long terme. Il est donc de courte dur\u00e9e et la fr\u00e9quence varie &hellip; <\/p>\n<p class=\"link-more\"><a href=\"https:\/\/laracapelle-psychologue.fr\/?page_id=20\" class=\"more-link\">Continuer la lecture<span class=\"screen-reader-text\"> de &laquo;&nbsp;Les diff\u00e9rentes th\u00e9rapies&nbsp;&raquo;<\/span><\/a><\/p>\n","protected":false},"author":1,"featured_media":0,"parent":0,"menu_order":3,"comment_status":"closed","ping_status":"closed","template":"","meta":{"footnotes":""},"class_list":["post-20","page","type-page","status-publish","hentry"],"_links":{"self":[{"href":"https:\/\/laracapelle-psychologue.fr\/index.php?rest_route=\/wp\/v2\/pages\/20","targetHints":{"allow":["GET"]}}],"collection":[{"href":"https:\/\/laracapelle-psychologue.fr\/index.php?rest_route=\/wp\/v2\/pages"}],"about":[{"href":"https:\/\/laracapelle-psychologue.fr\/index.php?rest_route=\/wp\/v2\/types\/page"}],"author":[{"embeddable":true,"href":"https:\/\/laracapelle-psychologue.fr\/index.php?rest_route=\/wp\/v2\/users\/1"}],"replies":[{"embeddable":true,"href":"https:\/\/laracapelle-psychologue.fr\/index.php?rest_route=%2Fwp%2Fv2%2Fcomments&post=20"}],"version-history":[{"count":28,"href":"https:\/\/laracapelle-psychologue.fr\/index.php?rest_route=\/wp\/v2\/pages\/20\/revisions"}],"predecessor-version":[{"id":856,"href":"https:\/\/laracapelle-psychologue.fr\/index.php?rest_route=\/wp\/v2\/pages\/20\/revisions\/856"}],"wp:attachment":[{"href":"https:\/\/laracapelle-psychologue.fr\/index.php?rest_route=%2Fwp%2Fv2%2Fmedia&parent=20"}],"curies":[{"name":"wp","href":"https:\/\/api.w.org\/{rel}","templated":true}]}}