{"id":368,"date":"2020-05-23T21:37:25","date_gmt":"2020-05-23T19:37:25","guid":{"rendered":"http:\/\/laracapelle-psychologue.fr\/?page_id=368"},"modified":"2026-03-12T00:00:53","modified_gmt":"2026-03-11T23:00:53","slug":"qui-suis-je","status":"publish","type":"page","link":"https:\/\/laracapelle-psychologue.fr\/?page_id=368","title":{"rendered":"Qui suis-je ?"},"content":{"rendered":"\r\n<p>&nbsp;<\/p>\r\n<p><img loading=\"lazy\" decoding=\"async\" class=\"alignleft size-full wp-image-885\" src=\"https:\/\/laracapelle-psychologue.fr\/wp-content\/uploads\/2026\/03\/IMG_7640-2-copie-scaled.jpg\" alt=\"\" width=\"2262\" height=\"2560\" srcset=\"https:\/\/laracapelle-psychologue.fr\/wp-content\/uploads\/2026\/03\/IMG_7640-2-copie-scaled.jpg 2262w, https:\/\/laracapelle-psychologue.fr\/wp-content\/uploads\/2026\/03\/IMG_7640-2-copie-265x300.jpg 265w, https:\/\/laracapelle-psychologue.fr\/wp-content\/uploads\/2026\/03\/IMG_7640-2-copie-905x1024.jpg 905w, https:\/\/laracapelle-psychologue.fr\/wp-content\/uploads\/2026\/03\/IMG_7640-2-copie-768x869.jpg 768w, https:\/\/laracapelle-psychologue.fr\/wp-content\/uploads\/2026\/03\/IMG_7640-2-copie-1357x1536.jpg 1357w, https:\/\/laracapelle-psychologue.fr\/wp-content\/uploads\/2026\/03\/IMG_7640-2-copie-1810x2048.jpg 1810w\" sizes=\"auto, (max-width: 706px) 89vw, (max-width: 767px) 82vw, 740px\" \/><\/p>\r\n<p>&nbsp;<\/p>\r\n<p style=\"text-align: justify; text-justify: inter-ideograph;\"><span style=\"font-family: 'trebuchet ms', geneva, sans-serif;\">Psychologue clinicienne depuis plus de 20 ans, j&rsquo;ai tout d&rsquo;abord exerc\u00e9 dans un Centre M\u00e9dico Psychologique infantile, puis dans un h\u00f4pital de jour pour enfants et adolescents dans les Yvelines. Cette exp\u00e9rience clinique m&rsquo;a permis d&rsquo;entreprendre des th\u00e9rapies individuelles pour les enfants, des ateliers th\u00e9rapeutiques, mais \u00e9galement d&rsquo;accompagner les parents dans un soutien \u00e0 la parentalit\u00e9.<\/span><\/p>\r\n<p style=\"text-align: justify; text-justify: inter-ideograph;\"><span style=\"font-family: 'trebuchet ms', geneva, sans-serif;\">J&rsquo;ai ensuite travaill\u00e9 10 ans en protection de l&rsquo;enfance dans les Hauts-de-Seine. Mon r\u00f4le \u00e9tait d&rsquo;\u00e9valuer les situations de danger pour les enfants en difficult\u00e9s sociales, ou victimes de maltraitance, d&rsquo;accompagner les familles et les enfants dans le cadre d&rsquo;un placement, ou d&rsquo;orienter les familles vers des services associatifs d&rsquo;aide \u00e9ducative \u00e0 domicile.<\/span><\/p>\r\n<p style=\"text-align: justify; text-justify: inter-ideograph;\"><span style=\"font-family: 'trebuchet ms', geneva, sans-serif;\">En 2009, et parall\u00e8lement \u00e0 ma mission en protection de l&rsquo;enfance, j&rsquo;ai ouvert mon cabinet en lib\u00e9ral. Et depuis 2018, je consacre l&rsquo;int\u00e9gralit\u00e9 de mon temps professionnel au cabinet. J&rsquo;y re\u00e7ois en consultation individuelle des adolescents et des adultes. Mon cadre th\u00e9rapeutique est d&rsquo;inspiration analytique, mais je ne propose pas de psychanalyse. Les s\u00e9ances se d\u00e9roulent en face \u00e0 face, dans un cadre neutre et bienveillant.<\/span><\/p>\r\n<p><span style=\"font-family: 'trebuchet ms', geneva, sans-serif;\"><\/span><\/p>\r\n<div class=\"mb-5\">\r\n<h2>\u00a0<\/h2>\r\n<h2 class=\"h5 mb-0\" style=\"text-align: justify;\"><span style=\"font-family: 'trebuchet ms', geneva, sans-serif;\">Formations<\/span><\/h2>\r\n<hr class=\"mt-2\" \/>\r\n<p style=\"text-align: justify;\"><span style=\"font-family: 'trebuchet ms', geneva, sans-serif;\"><strong>2004<\/strong> D.E.S.S. Psychologie clinique et psychopathologie &#8211; Universit\u00e9 Ren\u00e9 Descartes, Paris V Institut de Psychologie &#8211; Site Boulogne-Billancourt<\/span><\/p>\r\n<p style=\"text-align: justify;\"><span style=\"font-family: 'trebuchet ms', geneva, sans-serif;\">Formations compl\u00e9mentaires :<\/span><\/p>\r\n<p style=\"text-align: justify;\"><span style=\"font-family: 'trebuchet ms', geneva, sans-serif;\"><strong>2026<\/strong> Travailler \u00e0 distance en th\u00e9rapie EMDR &#8211; IF-EMDR<\/span><\/p>\r\n<p style=\"text-align: justify;\"><span style=\"font-family: 'trebuchet ms', geneva, sans-serif;\"><strong>2025<\/strong> \u00c9v\u00e9nements traumatiques : prises en charge individuelles &#8211; IF-EMDR<\/span><\/p>\r\n<p style=\"text-align: justify;\"><span style=\"font-family: 'trebuchet ms', geneva, sans-serif;\"><strong>2025<\/strong> La boite de vitesses : Comment adapter l\u2019EMDR au traitement des personnes souffrant de traumatismes complexes et de troubles dissociatifs &#8211; IF-EMDR<\/span><\/p>\r\n<p style=\"text-align: justify;\"><span style=\"font-family: 'trebuchet ms', geneva, sans-serif;\"><strong>2023<\/strong> Praticienne accr\u00e9dit\u00e9e EMDR Europe &#8211; (form\u00e9e par IF-EMDR)<\/span><\/p>\r\n<\/div>\r\n<div class=\"mb-5\">\r\n<h2 class=\"h5 mb-0\" style=\"text-align: justify;\"><span style=\"font-family: 'trebuchet ms', geneva, sans-serif;\">Experiences<\/span><\/h2>\r\n<hr class=\"mt-2\" \/>\r\n<p style=\"text-align: justify;\"><span style=\"font-family: 'trebuchet ms', geneva, sans-serif;\"><strong>Depuis 2025<\/strong> Cabinet &#8211; Verneuil d&rsquo;Avre et d&rsquo;Iton (27)<\/span><\/p>\r\n<p style=\"text-align: justify;\"><span style=\"font-family: 'trebuchet ms', geneva, sans-serif;\"><strong>2009 &#8211; <i class=\"fas fa-caret-right\"><\/i>2025<\/strong> Cabinet &#8211; Ch\u00e2tillon (92)<\/span><\/p>\r\n<p style=\"text-align: justify;\"><span style=\"font-family: 'trebuchet ms', geneva, sans-serif;\"><strong>2009 &#8211; <i class=\"fas fa-caret-right\"><\/i>2018<\/strong> Praticienne &#8211; Aide Sociale \u00e0 l&rsquo;Enfance (ASE) &#8211; Le Plessis-Robinson (92)<\/span><\/p>\r\n<p style=\"text-align: justify;\"><span style=\"font-family: 'trebuchet ms', geneva, sans-serif;\"><strong>2006 &#8211; <i class=\"fas fa-caret-right\"><\/i>2009<\/strong> Praticienne &#8211;\u00a0<\/span><span style=\"font-family: 'trebuchet ms', geneva, sans-serif; font-size: 1rem;\">H\u00f4pital de jour <\/span><span style=\"font-family: 'trebuchet ms', geneva, sans-serif; font-size: 1rem;\">Chant \u00e0 l&rsquo;Oie &#8211; Mantes-la-Jolie (78)<\/span><\/p>\r\n<p style=\"text-align: justify;\"><span style=\"font-family: 'trebuchet ms', geneva, sans-serif;\"><strong>2005 &#8211; <i class=\"fas fa-caret-right\"><\/i>2006<\/strong> Praticienne &#8211; Centre M\u00e9dico-Psychologique Infanto-juv\u00e9nile (CMPI) &#8211; Mantes-la-Jolie (78)<\/span><\/p>\r\n<p style=\"text-align: justify;\"><span style=\"font-family: 'trebuchet ms', geneva, sans-serif;\"><strong>2003 &#8211; <i class=\"fas fa-caret-right\"><\/i>2004<\/strong> Praticienne assistante &#8211; H\u00f4pital Necker Enfants Malades\u00a0<\/span><span style=\"font-family: 'trebuchet ms', geneva, sans-serif; font-size: 1rem;\">Service Prof Golse <\/span><span style=\"font-family: 'trebuchet ms', geneva, sans-serif; font-size: 1rem;\">APHP &#8211; Paris (75)<\/span><\/p>\r\n<p style=\"text-align: justify;\"><span style=\"font-family: 'trebuchet ms', geneva, sans-serif;\"><strong>2002 &#8211; <i class=\"fas fa-caret-right\"><\/i>2003<\/strong> Praticienne assistante &#8211; Externat M\u00e9dico-P\u00e9dagogique (EMP) &#8211; H\u00f4pital de Jour enfant et adolescent &#8211; <\/span><span style=\"font-family: 'trebuchet ms', geneva, sans-serif; font-size: 1rem;\">Jouy-en-Josas (78)<\/span><\/p>\r\n<p style=\"text-align: justify;\"><span style=\"font-family: 'trebuchet ms', geneva, sans-serif;\"><strong>2001 &#8211; <i class=\"fas fa-caret-right\"><\/i>2002<\/strong> Praticienne assistante &#8211; CHS Nouvel H\u00f4pital de Navarre\u00a0<\/span><span style=\"font-family: 'trebuchet ms', geneva, sans-serif; font-size: 1rem;\">Psychiatrie adulte <\/span><span style=\"font-family: 'trebuchet ms', geneva, sans-serif; font-size: 1rem;\">&#8211; \u00c9vreux (27)<\/span><\/p>\r\n<\/div>\r\n","protected":false},"excerpt":{"rendered":"<p>&nbsp; &nbsp; Psychologue clinicienne depuis plus de 20 ans, j&rsquo;ai tout d&rsquo;abord exerc\u00e9 dans un Centre M\u00e9dico Psychologique infantile, puis dans un h\u00f4pital de jour pour enfants et adolescents dans les Yvelines. Cette exp\u00e9rience clinique m&rsquo;a permis d&rsquo;entreprendre des th\u00e9rapies individuelles pour les enfants, des ateliers th\u00e9rapeutiques, mais \u00e9galement d&rsquo;accompagner les parents dans un soutien &hellip; <\/p>\n<p class=\"link-more\"><a href=\"https:\/\/laracapelle-psychologue.fr\/?page_id=368\" class=\"more-link\">Continuer la lecture<span class=\"screen-reader-text\"> de &laquo;&nbsp;Qui suis-je ?&nbsp;&raquo;<\/span><\/a><\/p>\n","protected":false},"author":1,"featured_media":0,"parent":0,"menu_order":0,"comment_status":"closed","ping_status":"closed","template":"","meta":{"footnotes":""},"class_list":["post-368","page","type-page","status-publish","hentry"],"_links":{"self":[{"href":"https:\/\/laracapelle-psychologue.fr\/index.php?rest_route=\/wp\/v2\/pages\/368","targetHints":{"allow":["GET"]}}],"collection":[{"href":"https:\/\/laracapelle-psychologue.fr\/index.php?rest_route=\/wp\/v2\/pages"}],"about":[{"href":"https:\/\/laracapelle-psychologue.fr\/index.php?rest_route=\/wp\/v2\/types\/page"}],"author":[{"embeddable":true,"href":"https:\/\/laracapelle-psychologue.fr\/index.php?rest_route=\/wp\/v2\/users\/1"}],"replies":[{"embeddable":true,"href":"https:\/\/laracapelle-psychologue.fr\/index.php?rest_route=%2Fwp%2Fv2%2Fcomments&post=368"}],"version-history":[{"count":17,"href":"https:\/\/laracapelle-psychologue.fr\/index.php?rest_route=\/wp\/v2\/pages\/368\/revisions"}],"predecessor-version":[{"id":891,"href":"https:\/\/laracapelle-psychologue.fr\/index.php?rest_route=\/wp\/v2\/pages\/368\/revisions\/891"}],"wp:attachment":[{"href":"https:\/\/laracapelle-psychologue.fr\/index.php?rest_route=%2Fwp%2Fv2%2Fmedia&parent=368"}],"curies":[{"name":"wp","href":"https:\/\/api.w.org\/{rel}","templated":true}]}}

<p>&nbsp;</p>
<p><img loading="lazy" decoding="async" class="alignleft size-full wp-image-885" src="https://laracapelle-psychologue.fr/wp-content/uploads/2026/03/IMG_7640-2-copie-scaled.jpg" alt="" width="2262" height="2560" srcset="https://laracapelle-psychologue.fr/wp-content/uploads/2026/03/IMG_7640-2-copie-scaled.jpg 2262w, https://laracapelle-psychologue.fr/wp-content/uploads/2026/03/IMG_7640-2-copie-265x300.jpg 265w, https://laracapelle-psychologue.fr/wp-content/uploads/2026/03/IMG_7640-2-copie-905x1024.jpg 905w, https://laracapelle-psychologue.fr/wp-content/uploads/2026/03/IMG_7640-2-copie-768x869.jpg 768w, https://laracapelle-psychologue.fr/wp-content/uploads/2026/03/IMG_7640-2-copie-1357x1536.jpg 1357w, https://laracapelle-psychologue.fr/wp-content/uploads/2026/03/IMG_7640-2-copie-1810x2048.jpg 1810w" sizes="auto, (max-width: 706px) 89vw, (max-width: 767px) 82vw, 740px" /></p>
<p>&nbsp;</p>
<p style="text-align: justify; text-justify: inter-ideograph;"><span style="font-family: 'trebuchet ms', geneva, sans-serif;">Psychologue clinicienne depuis plus de 20 ans, j&rsquo;ai tout d&rsquo;abord exercé dans un Centre Médico Psychologique infantile, puis dans un hôpital de jour pour enfants et adolescents dans les Yvelines. Cette expérience clinique m&rsquo;a permis d&rsquo;entreprendre des thérapies individuelles pour les enfants, des ateliers thérapeutiques, mais également d&rsquo;accompagner les parents dans un soutien à la parentalité.</span></p>
<p style="text-align: justify; text-justify: inter-ideograph;"><span style="font-family: 'trebuchet ms', geneva, sans-serif;">J&rsquo;ai ensuite travaillé 10 ans en protection de l&rsquo;enfance dans les Hauts-de-Seine. Mon rôle était d&rsquo;évaluer les situations de danger pour les enfants en difficultés sociales, ou victimes de maltraitance, d&rsquo;accompagner les familles et les enfants dans le cadre d&rsquo;un placement, ou d&rsquo;orienter les familles vers des services associatifs d&rsquo;aide éducative à domicile.</span></p>
<p style="text-align: justify; text-justify: inter-ideograph;"><span style="font-family: 'trebuchet ms', geneva, sans-serif;">En 2009, et parallèlement à ma mission en protection de l&rsquo;enfance, j&rsquo;ai ouvert mon cabinet en libéral. Et depuis 2018, je consacre l&rsquo;intégralité de mon temps professionnel au cabinet. J&rsquo;y reçois en consultation individuelle des adolescents et des adultes. Mon cadre thérapeutique est d&rsquo;inspiration analytique, mais je ne propose pas de psychanalyse. Les séances se déroulent en face à face, dans un cadre neutre et bienveillant.</span></p>
<p><span style="font-family: 'trebuchet ms', geneva, sans-serif;"></span></p>
<div class="mb-5">
<h2> </h2>
<h2 class="h5 mb-0" style="text-align: justify;"><span style="font-family: 'trebuchet ms', geneva, sans-serif;">Formations</span></h2>
<hr class="mt-2" />
<p style="text-align: justify;"><span style="font-family: 'trebuchet ms', geneva, sans-serif;"><strong>2004</strong> D.E.S.S. Psychologie clinique et psychopathologie &#8211; Université René Descartes, Paris V Institut de Psychologie &#8211; Site Boulogne-Billancourt</span></p>
<p style="text-align: justify;"><span style="font-family: 'trebuchet ms', geneva, sans-serif;">Formations complémentaires :</span></p>
<p style="text-align: justify;"><span style="font-family: 'trebuchet ms', geneva, sans-serif;"><strong>2026</strong> Travailler à distance en thérapie EMDR &#8211; IF-EMDR</span></p>
<p style="text-align: justify;"><span style="font-family: 'trebuchet ms', geneva, sans-serif;"><strong>2025</strong> Événements traumatiques : prises en charge individuelles &#8211; IF-EMDR</span></p>
<p style="text-align: justify;"><span style="font-family: 'trebuchet ms', geneva, sans-serif;"><strong>2025</strong> La boite de vitesses : Comment adapter l’EMDR au traitement des personnes souffrant de traumatismes complexes et de troubles dissociatifs &#8211; IF-EMDR</span></p>
<p style="text-align: justify;"><span style="font-family: 'trebuchet ms', geneva, sans-serif;"><strong>2023</strong> Praticienne accréditée EMDR Europe &#8211; (formée par IF-EMDR)</span></p>
</div>
<div class="mb-5">
<h2 class="h5 mb-0" style="text-align: justify;"><span style="font-family: 'trebuchet ms', geneva, sans-serif;">Experiences</span></h2>
<hr class="mt-2" />
<p style="text-align: justify;"><span style="font-family: 'trebuchet ms', geneva, sans-serif;"><strong>Depuis 2025</strong> Cabinet &#8211; Verneuil d&rsquo;Avre et d&rsquo;Iton (27)</span></p>
<p style="text-align: justify;"><span style="font-family: 'trebuchet ms', geneva, sans-serif;"><strong>2009 &#8211; <i class="fas fa-caret-right"></i>2025</strong> Cabinet &#8211; Châtillon (92)</span></p>
<p style="text-align: justify;"><span style="font-family: 'trebuchet ms', geneva, sans-serif;"><strong>2009 &#8211; <i class="fas fa-caret-right"></i>2018</strong> Praticienne &#8211; Aide Sociale à l&rsquo;Enfance (ASE) &#8211; Le Plessis-Robinson (92)</span></p>
<p style="text-align: justify;"><span style="font-family: 'trebuchet ms', geneva, sans-serif;"><strong>2006 &#8211; <i class="fas fa-caret-right"></i>2009</strong> Praticienne &#8211; </span><span style="font-family: 'trebuchet ms', geneva, sans-serif; font-size: 1rem;">Hôpital de jour </span><span style="font-family: 'trebuchet ms', geneva, sans-serif; font-size: 1rem;">Chant à l&rsquo;Oie &#8211; Mantes-la-Jolie (78)</span></p>
<p style="text-align: justify;"><span style="font-family: 'trebuchet ms', geneva, sans-serif;"><strong>2005 &#8211; <i class="fas fa-caret-right"></i>2006</strong> Praticienne &#8211; Centre Médico-Psychologique Infanto-juvénile (CMPI) &#8211; Mantes-la-Jolie (78)</span></p>
<p style="text-align: justify;"><span style="font-family: 'trebuchet ms', geneva, sans-serif;"><strong>2003 &#8211; <i class="fas fa-caret-right"></i>2004</strong> Praticienne assistante &#8211; Hôpital Necker Enfants Malades </span><span style="font-family: 'trebuchet ms', geneva, sans-serif; font-size: 1rem;">Service Prof Golse </span><span style="font-family: 'trebuchet ms', geneva, sans-serif; font-size: 1rem;">APHP &#8211; Paris (75)</span></p>
<p style="text-align: justify;"><span style="font-family: 'trebuchet ms', geneva, sans-serif;"><strong>2002 &#8211; <i class="fas fa-caret-right"></i>2003</strong> Praticienne assistante &#8211; Externat Médico-Pédagogique (EMP) &#8211; Hôpital de Jour enfant et adolescent &#8211; </span><span style="font-family: 'trebuchet ms', geneva, sans-serif; font-size: 1rem;">Jouy-en-Josas (78)</span></p>
<p style="text-align: justify;"><span style="font-family: 'trebuchet ms', geneva, sans-serif;"><strong>2001 &#8211; <i class="fas fa-caret-right"></i>2002</strong> Praticienne assistante &#8211; CHS Nouvel Hôpital de Navarre </span><span style="font-family: 'trebuchet ms', geneva, sans-serif; font-size: 1rem;">Psychiatrie adulte </span><span style="font-family: 'trebuchet ms', geneva, sans-serif; font-size: 1rem;">&#8211; Évreux (27)</span></p>
</div>

<p>&nbsp; &nbsp; Psychologue clinicienne depuis plus de 20 ans, j&rsquo;ai tout d&rsquo;abord exercé dans un Centre Médico Psychologique infantile, puis dans un hôpital de jour pour enfants et adolescents dans les Yvelines. Cette expérience clinique m&rsquo;a permis d&rsquo;entreprendre des thérapies individuelles pour les enfants, des ateliers thérapeutiques, mais également d&rsquo;accompagner les parents dans un soutien &hellip; </p>
<p class="link-more"><a href="https://laracapelle-psychologue.fr/?page_id=368" class="more-link">Continuer la lecture<span class="screen-reader-text"> de &laquo;&nbsp;Qui suis-je ?&nbsp;&raquo;</span></a></p>
