{"id":48,"date":"2018-05-10T17:37:58","date_gmt":"2018-05-10T15:37:58","guid":{"rendered":"http:\/\/laracapelle-psychologue.fr\/?page_id=48"},"modified":"2026-02-26T23:44:50","modified_gmt":"2026-02-26T22:44:50","slug":"prendre-rendez-vous","status":"publish","type":"page","link":"https:\/\/laracapelle-psychologue.fr\/?page_id=48","title":{"rendered":"RDV \/ Tarifs"},"content":{"rendered":"<p><\/p>\r\n<h1 class=\"wp-block-heading has-text-align-center\" style=\"text-align: center;\"><span style=\"font-family: 'trebuchet ms', geneva, sans-serif;\">S\u00e9ance de psychologie<\/span><\/h1>\r\n<p class=\"has-text-align-center\" style=\"text-align: center;\"><span style=\"font-family: 'trebuchet ms', geneva, sans-serif;\">Montant des Honoraires <strong>60 \u20ac \u00e0 65 \u20ac<\/strong><\/span><\/p>\r\n<p class=\"has-text-align-center\" style=\"text-align: center;\"><span style=\"font-family: 'trebuchet ms', geneva, sans-serif;\">Temps d\u2019une s\u00e9ance <strong>45 min<\/strong><\/span><\/p>\r\n<p>&nbsp;<\/p>\r\n<hr class=\"wp-block-separator has-alpha-channel-opacity\" \/>\r\n<h1 style=\"text-align: center;\"><span style=\"font-family: 'trebuchet ms', geneva, sans-serif;\">S\u00e9ance Mon Soutien Psy<\/span><\/h1>\r\n<p style=\"text-align: center;\"><span style=\"font-family: 'trebuchet ms', geneva, sans-serif;\">Montant des Honoraires <strong>50\u20ac<\/strong><\/span><\/p>\r\n<p style=\"text-align: center;\"><span style=\"font-family: 'trebuchet ms', geneva, sans-serif;\">Temps d\u2019une s\u00e9ance <strong>30 min<\/strong><\/span><\/p>\r\n<p style=\"text-align: center;\">\u00a0<\/p>\r\n<hr class=\"wp-block-separator has-alpha-channel-opacity\" \/>\r\n<h1 class=\"wp-block-heading has-text-align-center\" style=\"text-align: center;\"><span style=\"font-family: 'trebuchet ms', geneva, sans-serif;\">S\u00e9ance d\u2019EMDR<\/span><\/h1>\r\n<p style=\"text-align: center;\"><span style=\"font-family: 'trebuchet ms', geneva, sans-serif;\">Montant des Honoraires <strong>80 \u20ac \u00e0 90 \u20ac<\/strong><\/span><\/p>\r\n<p style=\"text-align: center;\"><span style=\"font-family: 'trebuchet ms', geneva, sans-serif;\">Temps d\u2019une s\u00e9ance <strong>1 heure<\/strong><\/span><\/p>\r\n<p style=\"text-align: center;\">\u00a0<\/p>\r\n<hr class=\"wp-block-separator has-css-opacity\" \/>\r\n<h1 class=\"wp-block-heading has-text-align-center\" style=\"text-align: center;\"><span style=\"font-family: 'trebuchet ms', geneva, sans-serif;\">PRENDRE RDV<\/span><\/h1>\r\n<p><span style=\"font-family: 'trebuchet ms', geneva, sans-serif;\">\r\n\r\n<\/span><\/p>\r\n<div class=\"wp-block-columns is-layout-flex wp-container-core-columns-is-layout-9d6595d7 wp-block-columns-is-layout-flex\"><span style=\"font-family: 'trebuchet ms', geneva, sans-serif;\"><\/span>\r\n<div class=\"wp-block-column is-vertically-aligned-center is-layout-flow wp-block-column-is-layout-flow\" style=\"flex-basis: 100%;\"><span style=\"font-family: 'trebuchet ms', geneva, sans-serif;\"><\/span>\r\n<div class=\"wp-block-columns is-layout-flex wp-container-core-columns-is-layout-9d6595d7 wp-block-columns-is-layout-flex\"><span style=\"font-family: 'trebuchet ms', geneva, sans-serif;\"><\/span>\r\n<div class=\"wp-block-column is-layout-flow wp-block-column-is-layout-flow\" style=\"flex-basis: 100%; text-align: center;\"><span style=\"font-family: 'trebuchet ms', geneva, sans-serif;\"><\/span>\r\n<figure><a class=\"maxbutton-3 maxbutton maxbutton-cliquez-pour-prendre-rdv\" target=\"_blank\" rel=\"noopener\" href=\"https:\/\/perfactive.fr\/lara-capelle\/book\"><span class='mb-text'>Cliquez pour prendre RDV<\/span><\/a><\/figure>\r\n<span style=\"font-family: 'trebuchet ms', geneva, sans-serif;\"><\/span><\/div>\r\n<span style=\"font-family: 'trebuchet ms', geneva, sans-serif;\"><\/span><\/div>\r\n<span style=\"font-family: 'trebuchet ms', geneva, sans-serif;\">\r\n\r\n<\/span>\r\n<p>&nbsp;<\/p>\r\n<span style=\"font-family: 'trebuchet ms', geneva, sans-serif;\"><\/span><\/div>\r\n<span style=\"font-family: 'trebuchet ms', geneva, sans-serif;\"><\/span><\/div>\r\n<p><span style=\"font-family: 'trebuchet ms', geneva, sans-serif;\">\r\n\r\n<\/span><\/p>\r\n<hr class=\"wp-block-separator has-css-opacity is-style-default\" \/>\r\n<p><span style=\"font-family: 'trebuchet ms', geneva, sans-serif;\">\r\n\r\n<\/span><\/p>\r\n<h1 class=\"wp-block-heading has-text-align-center\"><span style=\"font-family: 'trebuchet ms', geneva, sans-serif;\">R\u00e8glements accept\u00e9s<\/span><\/h1>\r\n<p><span style=\"font-family: 'trebuchet ms', geneva, sans-serif;\">\r\n\r\n<\/span><\/p>\r\n<div class=\"wp-block-columns is-layout-flex wp-container-core-columns-is-layout-9d6595d7 wp-block-columns-is-layout-flex\"><span style=\"font-family: 'trebuchet ms', geneva, sans-serif;\"><\/span>\r\n<div class=\"wp-block-column is-layout-flow wp-block-column-is-layout-flow\" style=\"flex-basis: 100%;\"><span style=\"font-family: 'trebuchet ms', geneva, sans-serif;\"><\/span>\r\n<div class=\"wp-block-columns is-layout-flex wp-container-core-columns-is-layout-9d6595d7 wp-block-columns-is-layout-flex\"><span style=\"font-family: 'trebuchet ms', geneva, sans-serif;\"><\/span>\r\n<div class=\"wp-block-column is-layout-flow wp-block-column-is-layout-flow\" style=\"flex-basis: 100%;\"><span style=\"font-family: 'trebuchet ms', geneva, sans-serif;\"><div class=\"wp-block-image\"><\/span>\r\n<figure class=\"aligncenter size-large\"><span style=\"font-family: 'trebuchet ms', geneva, sans-serif;\"><img loading=\"lazy\" decoding=\"async\" width=\"981\" height=\"210\" class=\"wp-image-469\" src=\"https:\/\/laracapelle-psychologue.fr\/wp-content\/uploads\/2020\/12\/Moyens-paiement-1.png\" alt=\"\" srcset=\"https:\/\/laracapelle-psychologue.fr\/wp-content\/uploads\/2020\/12\/Moyens-paiement-1.png 981w, https:\/\/laracapelle-psychologue.fr\/wp-content\/uploads\/2020\/12\/Moyens-paiement-1-300x64.png 300w, https:\/\/laracapelle-psychologue.fr\/wp-content\/uploads\/2020\/12\/Moyens-paiement-1-768x164.png 768w\" sizes=\"auto, (max-width: 706px) 89vw, (max-width: 767px) 82vw, 740px\" \/><\/span><\/figure>\r\n<span style=\"font-family: 'trebuchet ms', geneva, sans-serif;\"><\/div><\/span><\/div>\r\n<span style=\"font-family: 'trebuchet ms', geneva, sans-serif;\"><\/span><\/div>\r\n<span style=\"font-family: 'trebuchet ms', geneva, sans-serif;\"><\/span><\/div>\r\n<span style=\"font-family: 'trebuchet ms', geneva, sans-serif;\"><\/span><\/div>\r\n<p><span style=\"font-family: 'trebuchet ms', geneva, sans-serif;\">\r\n\r\n<\/span><\/p>\r\n<h1 class=\"wp-block-heading has-text-align-center\"><span style=\"font-family: 'trebuchet ms', geneva, sans-serif;\">R\u00e8glements accept\u00e9s pour la T\u00e9l\u00e9consultation<\/span><\/h1>\r\n<p><span style=\"font-family: 'trebuchet ms', geneva, sans-serif;\">\r\n\r\n<\/span><\/p>\r\n<div class=\"wp-block-group\"><div class=\"wp-block-group__inner-container is-layout-flow wp-block-group-is-layout-flow\"><span style=\"font-family: 'trebuchet ms', geneva, sans-serif;\"><\/span>\r\n<div class=\"wp-block-columns is-layout-flex wp-container-core-columns-is-layout-9d6595d7 wp-block-columns-is-layout-flex\"><span style=\"font-family: 'trebuchet ms', geneva, sans-serif;\"><\/span>\r\n<div class=\"wp-block-column is-layout-flow wp-block-column-is-layout-flow\" style=\"flex-basis: 100%;\"><span style=\"font-family: 'trebuchet ms', geneva, sans-serif;\"><\/span>\r\n<div class=\"wp-block-group\"><div class=\"wp-block-group__inner-container is-layout-flow wp-block-group-is-layout-flow\"><span style=\"font-family: 'trebuchet ms', geneva, sans-serif;\"><\/span>\r\n<div class=\"wp-block-columns are-vertically-aligned-top is-layout-flex wp-container-core-columns-is-layout-9d6595d7 wp-block-columns-is-layout-flex\"><span style=\"font-family: 'trebuchet ms', geneva, sans-serif;\"><\/span>\r\n<div class=\"wp-block-column is-vertically-aligned-top is-layout-flow wp-block-column-is-layout-flow\" style=\"flex-basis: 50%;\"><span style=\"font-family: 'trebuchet ms', geneva, sans-serif;\"><div class=\"wp-block-image\"><\/span>\r\n<figure class=\"aligncenter size-large\"><span style=\"font-family: 'trebuchet ms', geneva, sans-serif;\"><a href=\"https:\/\/paypal.me\/laracapelle?locale.x=fr_FR\"><img loading=\"lazy\" decoding=\"async\" width=\"195\" height=\"195\" class=\"wp-image-467\" src=\"https:\/\/laracapelle-psychologue.fr\/wp-content\/uploads\/2020\/12\/paypal.me_.png\" alt=\"\" srcset=\"https:\/\/laracapelle-psychologue.fr\/wp-content\/uploads\/2020\/12\/paypal.me_.png 195w, https:\/\/laracapelle-psychologue.fr\/wp-content\/uploads\/2020\/12\/paypal.me_-150x150.png 150w, https:\/\/laracapelle-psychologue.fr\/wp-content\/uploads\/2020\/12\/paypal.me_-100x100.png 100w\" sizes=\"auto, (max-width: 195px) 100vw, 195px\" \/><\/a><\/span><\/figure>\r\n<span style=\"font-family: 'trebuchet ms', geneva, sans-serif;\"><\/div><\/span><\/div>\r\n<span style=\"font-family: 'trebuchet ms', geneva, sans-serif;\">\r\n\r\n<\/span>\r\n<div class=\"wp-block-column is-vertically-aligned-top is-layout-flow wp-block-column-is-layout-flow\" style=\"flex-basis: 50%;\"><span style=\"font-family: 'trebuchet ms', geneva, sans-serif;\"><div class=\"wp-block-image\"><\/span>\r\n<figure class=\"aligncenter size-large is-resized\"><span style=\"font-family: 'trebuchet ms', geneva, sans-serif;\"><img loading=\"lazy\" decoding=\"async\" width=\"353\" height=\"143\" class=\"wp-image-474\" style=\"width: 265px; height: 107px;\" src=\"https:\/\/laracapelle-psychologue.fr\/wp-content\/uploads\/2020\/12\/virement-bancaire-1.png\" alt=\"\" srcset=\"https:\/\/laracapelle-psychologue.fr\/wp-content\/uploads\/2020\/12\/virement-bancaire-1.png 353w, https:\/\/laracapelle-psychologue.fr\/wp-content\/uploads\/2020\/12\/virement-bancaire-1-300x122.png 300w\" sizes=\"auto, (max-width: 353px) 100vw, 353px\" \/><\/span>\r\n<figcaption class=\"wp-element-caption\"><span style=\"font-family: 'trebuchet ms', geneva, sans-serif;\"><strong>FR76 1870 7000 6631 8217 9185 704<\/strong><\/span><\/figcaption>\r\n<\/figure>\r\n<span style=\"font-family: 'trebuchet ms', geneva, sans-serif;\"><\/div>\r\n\r\n<\/span>\r\n<p>&nbsp;<\/p>\r\n<span style=\"font-family: 'trebuchet ms', geneva, sans-serif;\"><\/span><\/div>\r\n<span style=\"font-family: 'trebuchet ms', geneva, sans-serif;\"><\/span><\/div>\r\n<span style=\"font-family: 'trebuchet ms', geneva, sans-serif;\"><\/span><\/div><\/div>\r\n<span style=\"font-family: 'trebuchet ms', geneva, sans-serif;\"><\/span><\/div>\r\n<span style=\"font-family: 'trebuchet ms', geneva, sans-serif;\"><\/span><\/div>\r\n<span style=\"font-family: 'trebuchet ms', geneva, sans-serif;\"><\/span><\/div><\/div>\r\n<p><span style=\"font-family: 'trebuchet ms', geneva, sans-serif;\">\r\n\r\n<\/span><\/p>\r\n<p>&nbsp;<\/p>\r\n","protected":false},"excerpt":{"rendered":"<p>S\u00e9ance de psychologie Montant des Honoraires 60 \u20ac \u00e0 65 \u20ac Temps d\u2019une s\u00e9ance 45 min &nbsp; S\u00e9ance Mon Soutien Psy Montant des Honoraires 50\u20ac Temps d\u2019une s\u00e9ance 30 min \u00a0 S\u00e9ance d\u2019EMDR Montant des Honoraires 80 \u20ac \u00e0 90 \u20ac Temps d\u2019une s\u00e9ance 1 heure \u00a0 PRENDRE RDV &nbsp; R\u00e8glements accept\u00e9s R\u00e8glements accept\u00e9s pour &hellip; <\/p>\n<p class=\"link-more\"><a href=\"https:\/\/laracapelle-psychologue.fr\/?page_id=48\" class=\"more-link\">Continuer la lecture<span class=\"screen-reader-text\"> de &laquo;&nbsp;RDV \/ Tarifs&nbsp;&raquo;<\/span><\/a><\/p>\n","protected":false},"author":1,"featured_media":0,"parent":0,"menu_order":6,"comment_status":"closed","ping_status":"closed","template":"","meta":{"footnotes":""},"class_list":["post-48","page","type-page","status-publish","hentry"],"_links":{"self":[{"href":"https:\/\/laracapelle-psychologue.fr\/index.php?rest_route=\/wp\/v2\/pages\/48","targetHints":{"allow":["GET"]}}],"collection":[{"href":"https:\/\/laracapelle-psychologue.fr\/index.php?rest_route=\/wp\/v2\/pages"}],"about":[{"href":"https:\/\/laracapelle-psychologue.fr\/index.php?rest_route=\/wp\/v2\/types\/page"}],"author":[{"embeddable":true,"href":"https:\/\/laracapelle-psychologue.fr\/index.php?rest_route=\/wp\/v2\/users\/1"}],"replies":[{"embeddable":true,"href":"https:\/\/laracapelle-psychologue.fr\/index.php?rest_route=%2Fwp%2Fv2%2Fcomments&post=48"}],"version-history":[{"count":100,"href":"https:\/\/laracapelle-psychologue.fr\/index.php?rest_route=\/wp\/v2\/pages\/48\/revisions"}],"predecessor-version":[{"id":874,"href":"https:\/\/laracapelle-psychologue.fr\/index.php?rest_route=\/wp\/v2\/pages\/48\/revisions\/874"}],"wp:attachment":[{"href":"https:\/\/laracapelle-psychologue.fr\/index.php?rest_route=%2Fwp%2Fv2%2Fmedia&parent=48"}],"curies":[{"name":"wp","href":"https:\/\/api.w.org\/{rel}","templated":true}]}}