{"id":6,"date":"2018-05-10T15:30:53","date_gmt":"2018-05-10T13:30:53","guid":{"rendered":"http:\/\/laracapelle-psychologue.fr\/?page_id=6"},"modified":"2025-02-12T14:15:48","modified_gmt":"2025-02-12T13:15:48","slug":"qui-consulter","status":"publish","type":"page","link":"https:\/\/laracapelle-psychologue.fr\/?page_id=6","title":{"rendered":"Qui consulter ?"},"content":{"rendered":"<div class=\"wp-block-image\">\r\n<figure class=\"aligncenter\"><img loading=\"lazy\" decoding=\"async\" width=\"259\" height=\"194\" class=\"wp-image-346\" src=\"https:\/\/laracapelle-psychologue.fr\/wp-content\/uploads\/2020\/05\/psy-psychiatre-.jpeg\" alt=\"\" \/><\/figure>\r\n<\/div>\r\n<h3><span style=\"font-family: 'trebuchet ms', geneva, sans-serif;\"><span style=\"color: #0000ff;\">Le psychologue<\/span><strong>\u00a0<\/strong><\/span><\/h3>\r\n<p style=\"text-align: justify; text-justify: inter-ideograph;\"><span style=\"font-family: 'trebuchet ms', geneva, sans-serif;\">L\u2019usage du titre de psychologue correspond \u00e0 une formation universitaire de 5 ans et est r\u00e9glement\u00e9 (loi du 25 juillet 1985). La formation, centr\u00e9e sur les comportements humains et les m\u00e9canismes psychiques, leur apporte les comp\u00e9tences pour \u00eatre \u00e0 l\u2019\u00e9coute de toute personne d\u00e9sireuse de se faire aider. De plus, les psychologues s\u2019engagent \u00e0 respecter le Code de D\u00e9ontologie des Psychologues. Ce code pose le principe g\u00e9n\u00e9ral des droits de la personne et la pr\u00e9servation de sa vie priv\u00e9e en garantissant notamment le secret professionnel. Tout psychologue reconnu se doit d\u2019avoir un num\u00e9ro RPPS (r\u00e9pertoire partag\u00e9 des professionnels de sant\u00e9) attestant de son enregistrement en tant que professionnel \u00e0 l\u2019ARS de son d\u00e9partement. Les consultations des psychologues ne sont pas prises en charge par la S\u00e9curit\u00e9 Sociale. Certaines mutuelles et assurances remboursent une partie du prix des consultations. Renseignez-vous aupr\u00e8s de votre mutuelle et des assurances concern\u00e9es.<\/span><\/p>\r\n<h3><span style=\"font-family: 'trebuchet ms', geneva, sans-serif;\"><span style=\"color: #0000ff;\">Le psychiatre<\/span><strong>\u00a0<\/strong><\/span><\/h3>\r\n<p style=\"text-align: justify; text-justify: inter-ideograph;\"><span style=\"font-family: 'trebuchet ms', geneva, sans-serif;\">C&rsquo;est un m\u00e9decin, sp\u00e9cialis\u00e9 en psychiatrie. Il est habilit\u00e9 \u00e0 prescrire des m\u00e9dicaments, des examens et des soins, d\u00e9cider d\u2019une hospitalisation et r\u00e9diger des certificats m\u00e9dicaux. Ses consultations sont rembours\u00e9es par la S\u00e9curit\u00e9 Sociale. En France, l\u2019exercice de la psychiatrie est prot\u00e9g\u00e9, ce qui veut dire que tous les psychiatres doivent \u00eatre des m\u00e9decins sp\u00e9cialistes, membres de l\u2019Ordre des m\u00e9decins.<\/span><\/p>\r\n<h3><span style=\"color: #0000ff; font-family: 'trebuchet ms', geneva, sans-serif;\">Le psychanalyste<\/span><\/h3>\r\n<p style=\"text-align: justify; text-justify: inter-ideograph;\"><span style=\"font-family: 'trebuchet ms', geneva, sans-serif;\">Il utilise une des approches en psychoth\u00e9rapie, la psychanalyse (freudienne, lacanienne,\u2026). Le th\u00e9rapeute a suivi une formation sp\u00e9cialis\u00e9e en psychanalyse. Ni le titre, ni l\u2019exercice de la psychanalyse ne sont contr\u00f4l\u00e9s en France.<\/span><\/p>\r\n<h3><span style=\"color: #0000ff; font-family: 'trebuchet ms', geneva, sans-serif;\">Le psychoth\u00e9rapeute<\/span><\/h3>\r\n<p style=\"text-align: justify;\"><span style=\"font-family: 'trebuchet ms', geneva, sans-serif;\">L&rsquo;usage du titre de psychoth\u00e9rapeute est r\u00e9glement\u00e9 depuis 2010. Seuls les titulaires d&rsquo;une autorisation d&rsquo;usage du titre d\u00e9livr\u00e9e par l&rsquo;ARS, et les personnes r\u00e9pondant aux exigences du d\u00e9cret n\u00b02010-534 modifi\u00e9 peuvent demander l&rsquo;enregistrement du titre aupr\u00e8s de la D\u00e9l\u00e9gation territoriale ARS de leur d\u00e9partement d&rsquo;exercice. A d\u00e9faut d&rsquo;enregistrement l&rsquo;usage du titre est consid\u00e9r\u00e9 comme ill\u00e9gal.<\/span><\/p>\r\n<h3><span style=\"color: #ff0000; font-size: 1.5rem; font-family: 'trebuchet ms', geneva, sans-serif;\">Les th\u00e9rapeutes non reconnus : gare aux d\u00e9rives !<\/span><\/h3>\r\n<div id=\"container_16888324\" class=\" sb-bloc sb-bloc-level-3 bloc-element-title  \">\r\n<div class=\"element element-title theme-skin\">\r\n<p style=\"text-align: justify;\"><span style=\"font-family: 'trebuchet ms', geneva, sans-serif;\">Depuis quelques ann\u00e9es, la loi fran\u00e7aise tente de prot\u00e9ger les patients contre ceux qui se disent \u00abth\u00e9rapeutes\u00bb, \u00abpraticiens\u00bb, \u00absp\u00e9cialistes\u00bb ou s\u2019arrogent des suffixes tels que \u00ablogues\u00bb ou \u00abpathes\u00bb sans pour autant\u00a0<strong style=\"font-size: revert; color: #333333;\"><span class=\"color-c-5\">d\u00e9tenir un dipl\u00f4me universitaire d\u2019\u00c9tat (Master II) officiellement reconnu par l&rsquo;ARS ( Agence R\u00e9gional de Sant\u00e9) et un num\u00e9ro ADELI ou RPPS.<\/span><\/strong><\/span><\/p>\r\n<\/div>\r\n<\/div>\r\n<div id=\"container_16888327\" class=\" sb-bloc sb-bloc-level-3 bloc-element-text  \">\r\n<div class=\"element element-text displayed_in_1_column\" spellcheck=\"true\">\r\n<p style=\"text-align: justify;\" align=\"JUSTIFY\"><span class=\"color-c-6\" style=\"font-family: 'trebuchet ms', geneva, sans-serif;\">En effet, tous ces \u00ab\u00a0titres\u00a0\u00bb\u00a0 tels que : psychopraticiens, somatoth\u00e9rapeutes, hypnoth\u00e9rapeutes, programmation neuro-linguistique (PNL), approches psycho-corporelles, approches humanistes ou orient\u00e9es solutions, coach de vie, etc, ne sont pas des titres forc\u00e9ment utilis\u00e9s par des psychoth\u00e9rapeutes.\u00a0<\/span><\/p>\r\n<p style=\"text-align: justify;\" align=\"JUSTIFY\"><span class=\"color-c-6\" style=\"font-family: 'trebuchet ms', geneva, sans-serif;\"><span class=\"color-c-5\">La loi N\u00b0 2004-806 du 9 ao\u00fbt 2004<\/span> relative \u00e0 la politique de sant\u00e9 publique <strong><span class=\"color-c-5\">stipule que seuls les m\u00e9decins, psychiatres et psychologues peuvent faire usage du titre de psychoth\u00e9rapeute apr\u00e8s inscription aupr\u00e8s de l&rsquo;ARS<\/span><\/strong>. Les professionnels souhaitant cette inscription doivent justifier d&rsquo;une formation th\u00e9orique et pratique en psychopathologie clinique que seuls les \u00e9tablissements agr\u00e9es (universit\u00e9s) sont autoris\u00e9s \u00e0 d\u00e9livrer.<\/span><\/p>\r\n<p align=\"JUSTIFY\"><span class=\"color-c-6\" style=\"font-family: 'trebuchet ms', geneva, sans-serif;\"><b>Il est donc essentiel avant de consulter de prendre le temps de v\u00e9rifier que la personne est bien enregistr\u00e9e aupr\u00e8s de l&rsquo;ARS.<\/b><\/span><\/p>\r\n<h3 align=\"JUSTIFY\"><span style=\"font-family: 'trebuchet ms', geneva, sans-serif;\"><strong><span class=\"color-c-6\">Pourquoi faut-il alerter et s&rsquo;inqui\u00e9ter sur ces d\u00e9rives en mati\u00e8re de th\u00e9rapie ?<\/span><\/strong><\/span><\/h3>\r\n<p align=\"JUSTIFY\"><span style=\"font-family: 'trebuchet ms', geneva, sans-serif;\"><span class=\"color-c-6\">Car de plus en plus de personnes s\u2019improvisent th\u00e9rapeutes ! E<span class=\"color-c-5\">lles sont dangereuses par ignorance, inconscience ou pr\u00e9tention !\u00a0<\/span><\/span><span class=\"color-c-5\">Elles n\u2019ont aucune formation th\u00e9orique et pratique en psychologie et en psychopathologie. <\/span><span class=\"color-c-6\">En revanche, elles ont la pr\u00e9tention de\u00a0 \u00ab\u00a0soigner\u00a0\u00bb et\/ou \u00ab\u00a0gu\u00e9rir\u00a0\u00bb autrui\u2026 et l\u00e0 r\u00e9side, bien s\u00fbr, le danger !<\/span><\/span><\/p>\r\n<p align=\"JUSTIFY\"><span class=\"color-c-6\" style=\"font-family: 'trebuchet ms', geneva, sans-serif;\">Certains vont jusqu\u2019\u00e0 se regrouper en centres de bien-\u00eatre, y compris dans des centres m\u00e9dicaux et maison de sant\u00e9, venant ainsi rajouter de la confusion \u00e0 la confusion g\u00e9n\u00e9rale.<\/span><\/p>\r\n<\/div>\r\n<\/div>","protected":false},"excerpt":{"rendered":"<p>Le psychologue\u00a0 L\u2019usage du titre de psychologue correspond \u00e0 une formation universitaire de 5 ans et est r\u00e9glement\u00e9 (loi du 25 juillet 1985). La formation, centr\u00e9e sur les comportements humains et les m\u00e9canismes psychiques, leur apporte les comp\u00e9tences pour \u00eatre \u00e0 l\u2019\u00e9coute de toute personne d\u00e9sireuse de se faire aider. De plus, les psychologues s\u2019engagent &hellip; <\/p>\n<p class=\"link-more\"><a href=\"https:\/\/laracapelle-psychologue.fr\/?page_id=6\" class=\"more-link\">Continuer la lecture<span class=\"screen-reader-text\"> de &laquo;&nbsp;Qui consulter ?&nbsp;&raquo;<\/span><\/a><\/p>\n","protected":false},"author":1,"featured_media":0,"parent":0,"menu_order":1,"comment_status":"closed","ping_status":"closed","template":"","meta":{"footnotes":""},"class_list":["post-6","page","type-page","status-publish","hentry"],"_links":{"self":[{"href":"https:\/\/laracapelle-psychologue.fr\/index.php?rest_route=\/wp\/v2\/pages\/6","targetHints":{"allow":["GET"]}}],"collection":[{"href":"https:\/\/laracapelle-psychologue.fr\/index.php?rest_route=\/wp\/v2\/pages"}],"about":[{"href":"https:\/\/laracapelle-psychologue.fr\/index.php?rest_route=\/wp\/v2\/types\/page"}],"author":[{"embeddable":true,"href":"https:\/\/laracapelle-psychologue.fr\/index.php?rest_route=\/wp\/v2\/users\/1"}],"replies":[{"embeddable":true,"href":"https:\/\/laracapelle-psychologue.fr\/index.php?rest_route=%2Fwp%2Fv2%2Fcomments&post=6"}],"version-history":[{"count":22,"href":"https:\/\/laracapelle-psychologue.fr\/index.php?rest_route=\/wp\/v2\/pages\/6\/revisions"}],"predecessor-version":[{"id":731,"href":"https:\/\/laracapelle-psychologue.fr\/index.php?rest_route=\/wp\/v2\/pages\/6\/revisions\/731"}],"wp:attachment":[{"href":"https:\/\/laracapelle-psychologue.fr\/index.php?rest_route=%2Fwp%2Fv2%2Fmedia&parent=6"}],"curies":[{"name":"wp","href":"https:\/\/api.w.org\/{rel}","templated":true}]}}

<div class="wp-block-image">
<figure class="aligncenter"><img loading="lazy" decoding="async" width="259" height="194" class="wp-image-346" src="https://laracapelle-psychologue.fr/wp-content/uploads/2020/05/psy-psychiatre-.jpeg" alt="" /></figure>
</div>
<h3><span style="font-family: 'trebuchet ms', geneva, sans-serif;"><span style="color: #0000ff;">Le psychologue</span><strong> </strong></span></h3>
<p style="text-align: justify; text-justify: inter-ideograph;"><span style="font-family: 'trebuchet ms', geneva, sans-serif;">L’usage du titre de psychologue correspond à une formation universitaire de 5 ans et est réglementé (loi du 25 juillet 1985). La formation, centrée sur les comportements humains et les mécanismes psychiques, leur apporte les compétences pour être à l’écoute de toute personne désireuse de se faire aider. De plus, les psychologues s’engagent à respecter le Code de Déontologie des Psychologues. Ce code pose le principe général des droits de la personne et la préservation de sa vie privée en garantissant notamment le secret professionnel. Tout psychologue reconnu se doit d’avoir un numéro RPPS (répertoire partagé des professionnels de santé) attestant de son enregistrement en tant que professionnel à l’ARS de son département. Les consultations des psychologues ne sont pas prises en charge par la Sécurité Sociale. Certaines mutuelles et assurances remboursent une partie du prix des consultations. Renseignez-vous auprès de votre mutuelle et des assurances concernées.</span></p>
<h3><span style="font-family: 'trebuchet ms', geneva, sans-serif;"><span style="color: #0000ff;">Le psychiatre</span><strong> </strong></span></h3>
<p style="text-align: justify; text-justify: inter-ideograph;"><span style="font-family: 'trebuchet ms', geneva, sans-serif;">C&rsquo;est un médecin, spécialisé en psychiatrie. Il est habilité à prescrire des médicaments, des examens et des soins, décider d’une hospitalisation et rédiger des certificats médicaux. Ses consultations sont remboursées par la Sécurité Sociale. En France, l’exercice de la psychiatrie est protégé, ce qui veut dire que tous les psychiatres doivent être des médecins spécialistes, membres de l’Ordre des médecins.</span></p>
<h3><span style="color: #0000ff; font-family: 'trebuchet ms', geneva, sans-serif;">Le psychanalyste</span></h3>
<p style="text-align: justify; text-justify: inter-ideograph;"><span style="font-family: 'trebuchet ms', geneva, sans-serif;">Il utilise une des approches en psychothérapie, la psychanalyse (freudienne, lacanienne,…). Le thérapeute a suivi une formation spécialisée en psychanalyse. Ni le titre, ni l’exercice de la psychanalyse ne sont contrôlés en France.</span></p>
<h3><span style="color: #0000ff; font-family: 'trebuchet ms', geneva, sans-serif;">Le psychothérapeute</span></h3>
<p style="text-align: justify;"><span style="font-family: 'trebuchet ms', geneva, sans-serif;">L&rsquo;usage du titre de psychothérapeute est réglementé depuis 2010. Seuls les titulaires d&rsquo;une autorisation d&rsquo;usage du titre délivrée par l&rsquo;ARS, et les personnes répondant aux exigences du décret n°2010-534 modifié peuvent demander l&rsquo;enregistrement du titre auprès de la Délégation territoriale ARS de leur département d&rsquo;exercice. A défaut d&rsquo;enregistrement l&rsquo;usage du titre est considéré comme illégal.</span></p>
<h3><span style="color: #ff0000; font-size: 1.5rem; font-family: 'trebuchet ms', geneva, sans-serif;">Les thérapeutes non reconnus : gare aux dérives !</span></h3>
<div id="container_16888324" class=" sb-bloc sb-bloc-level-3 bloc-element-title  ">
<div class="element element-title theme-skin">
<p style="text-align: justify;"><span style="font-family: 'trebuchet ms', geneva, sans-serif;">Depuis quelques années, la loi française tente de protéger les patients contre ceux qui se disent «thérapeutes», «praticiens», «spécialistes» ou s’arrogent des suffixes tels que «logues» ou «pathes» sans pour autant <strong style="font-size: revert; color: #333333;"><span class="color-c-5">détenir un diplôme universitaire d’État (Master II) officiellement reconnu par l&rsquo;ARS ( Agence Régional de Santé) et un numéro ADELI ou RPPS.</span></strong></span></p>
</div>
</div>
<div id="container_16888327" class=" sb-bloc sb-bloc-level-3 bloc-element-text  ">
<div class="element element-text displayed_in_1_column" spellcheck="true">
<p style="text-align: justify;" align="JUSTIFY"><span class="color-c-6" style="font-family: 'trebuchet ms', geneva, sans-serif;">En effet, tous ces « titres »  tels que : psychopraticiens, somatothérapeutes, hypnothérapeutes, programmation neuro-linguistique (PNL), approches psycho-corporelles, approches humanistes ou orientées solutions, coach de vie, etc, ne sont pas des titres forcément utilisés par des psychothérapeutes. </span></p>
<p style="text-align: justify;" align="JUSTIFY"><span class="color-c-6" style="font-family: 'trebuchet ms', geneva, sans-serif;"><span class="color-c-5">La loi N° 2004-806 du 9 août 2004</span> relative à la politique de santé publique <strong><span class="color-c-5">stipule que seuls les médecins, psychiatres et psychologues peuvent faire usage du titre de psychothérapeute après inscription auprès de l&rsquo;ARS</span></strong>. Les professionnels souhaitant cette inscription doivent justifier d&rsquo;une formation théorique et pratique en psychopathologie clinique que seuls les établissements agrées (universités) sont autorisés à délivrer.</span></p>
<p align="JUSTIFY"><span class="color-c-6" style="font-family: 'trebuchet ms', geneva, sans-serif;"><b>Il est donc essentiel avant de consulter de prendre le temps de vérifier que la personne est bien enregistrée auprès de l&rsquo;ARS.</b></span></p>
<h3 align="JUSTIFY"><span style="font-family: 'trebuchet ms', geneva, sans-serif;"><strong><span class="color-c-6">Pourquoi faut-il alerter et s&rsquo;inquiéter sur ces dérives en matière de thérapie ?</span></strong></span></h3>
<p align="JUSTIFY"><span style="font-family: 'trebuchet ms', geneva, sans-serif;"><span class="color-c-6">Car de plus en plus de personnes s’improvisent thérapeutes ! E<span class="color-c-5">lles sont dangereuses par ignorance, inconscience ou prétention ! </span></span><span class="color-c-5">Elles n’ont aucune formation théorique et pratique en psychologie et en psychopathologie. </span><span class="color-c-6">En revanche, elles ont la prétention de  « soigner » et/ou « guérir » autrui… et là réside, bien sûr, le danger !</span></span></p>
<p align="JUSTIFY"><span class="color-c-6" style="font-family: 'trebuchet ms', geneva, sans-serif;">Certains vont jusqu’à se regrouper en centres de bien-être, y compris dans des centres médicaux et maison de santé, venant ainsi rajouter de la confusion à la confusion générale.</span></p>
</div>
</div>

<p>Le psychologue  L’usage du titre de psychologue correspond à une formation universitaire de 5 ans et est réglementé (loi du 25 juillet 1985). La formation, centrée sur les comportements humains et les mécanismes psychiques, leur apporte les compétences pour être à l’écoute de toute personne désireuse de se faire aider. De plus, les psychologues s’engagent &hellip; </p>
<p class="link-more"><a href="https://laracapelle-psychologue.fr/?page_id=6" class="more-link">Continuer la lecture<span class="screen-reader-text"> de &laquo;&nbsp;Qui consulter ?&nbsp;&raquo;</span></a></p>
