{"id":651,"date":"2023-11-12T17:45:23","date_gmt":"2023-11-12T16:45:23","guid":{"rendered":"https:\/\/laracapelle-psychologue.fr\/?page_id=651"},"modified":"2025-02-12T13:32:16","modified_gmt":"2025-02-12T12:32:16","slug":"comment-se-passe-une-seance-de-traitement-pour-une-therapie-emdr","status":"publish","type":"page","link":"https:\/\/laracapelle-psychologue.fr\/?page_id=651","title":{"rendered":"Comment se passe une s\u00e9ance de traitement pour une th\u00e9rapie EMDR ?"},"content":{"rendered":"\r\n<h3 class=\"wp-block-heading\"><span style=\"font-family: 'trebuchet ms', geneva, sans-serif;\"><strong>Des s\u00e9ances de pr\u00e9paration pr\u00e9alables<\/strong><\/span><\/h3>\r\n<p><span style=\"font-family: 'trebuchet ms', geneva, sans-serif;\">\r\n\r\n<\/span><\/p>\r\n<p style=\"text-align: justify;\"><span style=\"font-family: 'trebuchet ms', geneva, sans-serif;\"><strong><br \/>Du fait de l\u2019effet puissant de cette th\u00e9rapie EMDR sur le psychisme du patient, une pr\u00e9paration est indispensable.<\/strong><\/span><\/p>\r\n<p style=\"text-align: justify;\"><span style=\"font-family: 'trebuchet ms', geneva, sans-serif;\">\r\n\r\n<\/span><\/p>\r\n<p style=\"text-align: justify;\"><span style=\"font-family: 'trebuchet ms', geneva, sans-serif;\">Les entretiens pr\u00e9liminaires permettent de :<\/span><\/p>\r\n<p><span style=\"font-family: 'trebuchet ms', geneva, sans-serif;\">\r\n\r\n<\/span><\/p>\r\n<ul style=\"list-style-type: disc;\">\r\n<li style=\"text-align: justify;\"><span style=\"font-family: 'trebuchet ms', geneva, sans-serif;\">Construire une relation th\u00e9rapeutique de confiance avec son praticien,<\/span><\/li>\r\n<li style=\"text-align: justify;\"><span style=\"font-family: 'trebuchet ms', geneva, sans-serif;\">Identifier avec lui une probl\u00e9matique actuelle susceptible d\u2019\u00eatre trait\u00e9e en EMDR, puis les souvenirs traumatiques \u00e0 l\u2019origine de ces difficult\u00e9s,<\/span><\/li>\r\n<li style=\"text-align: justify;\"><span style=\"font-family: 'trebuchet ms', geneva, sans-serif;\">Et enfin de mettre en place des outils psycho corporels de stabilisation \u00e9motionnelle qui peuvent \u00eatre utilis\u00e9s en cours de s\u00e9ance ainsi qu\u2019en pratique autonome entre les s\u00e9ances.<\/span><\/li>\r\n<\/ul>\r\n<p><span style=\"font-family: 'trebuchet ms', geneva, sans-serif;\">\r\n\r\n<\/span><\/p>\r\n<h3 class=\"wp-block-heading\" style=\"text-align: justify;\"><span style=\"font-family: 'trebuchet ms', geneva, sans-serif;\"><strong>Un processus de traitement conscient<\/strong><\/span><\/h3>\r\n<p><span style=\"font-family: 'trebuchet ms', geneva, sans-serif;\">\r\n\r\n<\/span><\/p>\r\n<p style=\"text-align: justify;\"><span style=\"font-family: 'trebuchet ms', geneva, sans-serif;\">Les souvenirs perturbants identifi\u00e9s sont ensuite retrait\u00e9s un \u00e0 un, lors des s\u00e9ances, \u00e0 l\u2019aide des stimulations bilat\u00e9rales altern\u00e9es. Il faut parfois plusieurs s\u00e9ances pour traiter un seul souvenir. Le processus psychique de traitement activ\u00e9 par la m\u00e9thode est un processus conscient. Il correspond \u00e0 ce que fait naturellement notre cerveau quand il ne se bloque pas.<\/span><\/p>\r\n<p><span style=\"font-family: 'trebuchet ms', geneva, sans-serif;\">\r\n\r\n<\/span><\/p>\r\n<p style=\"text-align: justify;\"><span style=\"font-family: 'trebuchet ms', geneva, sans-serif;\">Au d\u00e9but, le praticien demande au patient de se concentrer sur le souvenir traumatique, en gardant \u00e0 l\u2019esprit les aspects sensoriels les plus perturbants (image, son, odeur, sensation physique), ainsi que les pens\u00e9es et ressentis actuels n\u00e9gatifs qui y sont associ\u00e9s. Le praticien pratique alors des s\u00e9ries de stimulations bilat\u00e9rales altern\u00e9es rapides, et entre chaque s\u00e9rie, le patient dit ce qui lui vient \u00e0 l\u2019esprit. Il n\u2019y a aucun effort \u00e0 faire pendant la stimulation pour obtenir tel ou tel type de r\u00e9sultat, l\u2019\u00e9v\u00e9nement se retraite spontan\u00e9ment et diff\u00e9remment pour chaque personne, selon son v\u00e9cu, sa personnalit\u00e9, ses ressources, sa culture. Le praticien continue les stimulations jusqu\u2019\u00e0 ce que le souvenir ne g\u00e9n\u00e8re plus de perturbations mais soit mis \u00e0 distance et ait perdu de sa vivacit\u00e9.<\/span><\/p>\r\n<p><span style=\"font-family: 'trebuchet ms', geneva, sans-serif;\">\r\n\r\n<\/span><\/p>\r\n<p style=\"text-align: justify;\">\u00a0<\/p>\r\n\r\n\r\n\r\n<p>&nbsp;<\/p>\r\n","protected":false},"excerpt":{"rendered":"<p>Des s\u00e9ances de pr\u00e9paration pr\u00e9alables Du fait de l\u2019effet puissant de cette th\u00e9rapie EMDR sur le psychisme du patient, une pr\u00e9paration est indispensable. Les entretiens pr\u00e9liminaires permettent de : Construire une relation th\u00e9rapeutique de confiance avec son praticien, Identifier avec lui une probl\u00e9matique actuelle susceptible d\u2019\u00eatre trait\u00e9e en EMDR, puis les souvenirs traumatiques \u00e0 l\u2019origine &hellip; <\/p>\n<p class=\"link-more\"><a href=\"https:\/\/laracapelle-psychologue.fr\/?page_id=651\" class=\"more-link\">Continuer la lecture<span class=\"screen-reader-text\"> de &laquo;&nbsp;Comment se passe une s\u00e9ance de traitement pour une th\u00e9rapie EMDR ?&nbsp;&raquo;<\/span><\/a><\/p>\n","protected":false},"author":1,"featured_media":0,"parent":0,"menu_order":0,"comment_status":"closed","ping_status":"closed","template":"","meta":{"footnotes":""},"class_list":["post-651","page","type-page","status-publish","hentry"],"_links":{"self":[{"href":"https:\/\/laracapelle-psychologue.fr\/index.php?rest_route=\/wp\/v2\/pages\/651","targetHints":{"allow":["GET"]}}],"collection":[{"href":"https:\/\/laracapelle-psychologue.fr\/index.php?rest_route=\/wp\/v2\/pages"}],"about":[{"href":"https:\/\/laracapelle-psychologue.fr\/index.php?rest_route=\/wp\/v2\/types\/page"}],"author":[{"embeddable":true,"href":"https:\/\/laracapelle-psychologue.fr\/index.php?rest_route=\/wp\/v2\/users\/1"}],"replies":[{"embeddable":true,"href":"https:\/\/laracapelle-psychologue.fr\/index.php?rest_route=%2Fwp%2Fv2%2Fcomments&post=651"}],"version-history":[{"count":6,"href":"https:\/\/laracapelle-psychologue.fr\/index.php?rest_route=\/wp\/v2\/pages\/651\/revisions"}],"predecessor-version":[{"id":690,"href":"https:\/\/laracapelle-psychologue.fr\/index.php?rest_route=\/wp\/v2\/pages\/651\/revisions\/690"}],"wp:attachment":[{"href":"https:\/\/laracapelle-psychologue.fr\/index.php?rest_route=%2Fwp%2Fv2%2Fmedia&parent=651"}],"curies":[{"name":"wp","href":"https:\/\/api.w.org\/{rel}","templated":true}]}}

Comment se passe une séance de traitement pour une thérapie EMDR ?

<h3 class="wp-block-heading"><span style="font-family: 'trebuchet ms', geneva, sans-serif;"><strong>Des séances de préparation préalables</strong></span></h3>
<p><span style="font-family: 'trebuchet ms', geneva, sans-serif;">

</span></p>
<p style="text-align: justify;"><span style="font-family: 'trebuchet ms', geneva, sans-serif;"><strong><br />Du fait de l’effet puissant de cette thérapie EMDR sur le psychisme du patient, une préparation est indispensable.</strong></span></p>
<p style="text-align: justify;"><span style="font-family: 'trebuchet ms', geneva, sans-serif;">

</span></p>
<p style="text-align: justify;"><span style="font-family: 'trebuchet ms', geneva, sans-serif;">Les entretiens préliminaires permettent de :</span></p>
<p><span style="font-family: 'trebuchet ms', geneva, sans-serif;">

</span></p>
<ul style="list-style-type: disc;">
<li style="text-align: justify;"><span style="font-family: 'trebuchet ms', geneva, sans-serif;">Construire une relation thérapeutique de confiance avec son praticien,</span></li>
<li style="text-align: justify;"><span style="font-family: 'trebuchet ms', geneva, sans-serif;">Identifier avec lui une problématique actuelle susceptible d’être traitée en EMDR, puis les souvenirs traumatiques à l’origine de ces difficultés,</span></li>
<li style="text-align: justify;"><span style="font-family: 'trebuchet ms', geneva, sans-serif;">Et enfin de mettre en place des outils psycho corporels de stabilisation émotionnelle qui peuvent être utilisés en cours de séance ainsi qu’en pratique autonome entre les séances.</span></li>
</ul>
<p><span style="font-family: 'trebuchet ms', geneva, sans-serif;">

</span></p>
<h3 class="wp-block-heading" style="text-align: justify;"><span style="font-family: 'trebuchet ms', geneva, sans-serif;"><strong>Un processus de traitement conscient</strong></span></h3>
<p><span style="font-family: 'trebuchet ms', geneva, sans-serif;">

</span></p>
<p style="text-align: justify;"><span style="font-family: 'trebuchet ms', geneva, sans-serif;">Les souvenirs perturbants identifiés sont ensuite retraités un à un, lors des séances, à l’aide des stimulations bilatérales alternées. Il faut parfois plusieurs séances pour traiter un seul souvenir. Le processus psychique de traitement activé par la méthode est un processus conscient. Il correspond à ce que fait naturellement notre cerveau quand il ne se bloque pas.</span></p>
<p><span style="font-family: 'trebuchet ms', geneva, sans-serif;">

</span></p>
<p style="text-align: justify;"><span style="font-family: 'trebuchet ms', geneva, sans-serif;">Au début, le praticien demande au patient de se concentrer sur le souvenir traumatique, en gardant à l’esprit les aspects sensoriels les plus perturbants (image, son, odeur, sensation physique), ainsi que les pensées et ressentis actuels négatifs qui y sont associés. Le praticien pratique alors des séries de stimulations bilatérales alternées rapides, et entre chaque série, le patient dit ce qui lui vient à l’esprit. Il n’y a aucun effort à faire pendant la stimulation pour obtenir tel ou tel type de résultat, l’événement se retraite spontanément et différemment pour chaque personne, selon son vécu, sa personnalité, ses ressources, sa culture. Le praticien continue les stimulations jusqu’à ce que le souvenir ne génère plus de perturbations mais soit mis à distance et ait perdu de sa vivacité.</span></p>
<p><span style="font-family: 'trebuchet ms', geneva, sans-serif;">

</span></p>
<p style="text-align: justify;"> </p>



<p>&nbsp;</p>

<p>Des séances de préparation préalables Du fait de l’effet puissant de cette thérapie EMDR sur le psychisme du patient, une préparation est indispensable. Les entretiens préliminaires permettent de : Construire une relation thérapeutique de confiance avec son praticien, Identifier avec lui une problématique actuelle susceptible d’être traitée en EMDR, puis les souvenirs traumatiques à l’origine &hellip; </p>
<p class="link-more"><a href="https://laracapelle-psychologue.fr/?page_id=651" class="more-link">Continuer la lecture<span class="screen-reader-text"> de &laquo;&nbsp;Comment se passe une séance de traitement pour une thérapie EMDR ?&nbsp;&raquo;</span></a></p>
